 = -2*b - 2. Determine q(j).
-16
Let w = -1040 - -1053. Let l(y) = -y**2 + 15*y - 17. Give l(w).
9
Let b(z) = z**3 + 7*z**2 - 14*z - 51. Let y = 1638 + -1646. What is b(y)?
-3
Let p(l) = -l - 6. Let q(j) = j**2 + 19*j + 54. Let g be q(-4). Give p(g).
0
Suppose 0 = 153*l - 10*l + 249 + 180. Let u(b) = 0 + 4 + 3*b - 2*b. What is u(l)?
1
Let o = -14 + 16. Let m(k) = 0*k**2 + 2 - 1 - k**o + 2*k + 0. Determine m(-1).
-2
Let s = 129 + -134. Let h(a) = a**2 + 5*a - 5. What is h(s)?
-5
Let w(h) = h**2 - h - 4. Let s(p) = -5*p**2 + 12*p - 36. Let u be s(5). Let t = u + 101. What is w(t)?
-4
Let z(n) be the third derivative of -n**4/12 + 19*n**3/6 - 39*n**2 + 5. Determine z(13).
-7
Suppose 140*y - 40 = 148*y. Let u(q) be the third derivative of q**5/60 + 5*q**4/24 - q**2. Determine u(y).
0
Let v(w) = 3*w + 9. Suppose 2 - 1 = p. Let t be (-2)/p - (-13 - 0). Let q = t - 17. Determine v(q).
-9
Let y(j) = j**2 + 2*j - 14. Let m be y(-6). Suppose 12*i - m*i - 20 = 0. Let p(c) = -c**3 + 10*c**2 + 2*c - 11. Determine p(i).
9
Let i(k) = k**3 - 7*k - 7*k - 11*k + 2 - 2*k**2 + 23*k. Give i(3).
5
Let b(d) = 5*d**2 - 50*d + 50. Let v be b(9). Let z(q) = -q**2 - q + 24. Determine z(v).
-6
Let o = 19 - 14. Let w be (6 - 20/o) + -9. Let u(n) = 2*n + 10. What is u(w)?
-4
Let j(m) be the first derivative of -m**2 + 12*m + 269. Determine j(5).
2
Let o(r) = 2*r - 7. Let j be 15/(-3) + (-4)/(-8)*24. Calculate o(j).
7
Let d(h) = -h. Suppose 3*v + 117 = 3*l, -5*v = -v - 3*l + 152. Let s = 38 + v. Determine d(s).
-3
Let x(p) be the first derivative of -2*p**2 + 5/3*p**3 - 5*p + 9 - 1/4*p**4. Suppose 0 = -5*g - 3*o + 2*o + 15, 4*g - o = 21. Give x(g).
-5
Let a(f) = -f**3 - 3*f**2 + 4*f - 6. Let g be (-3)/(8/(-12)*(-27)/30). Calculate a(g).
24
Let g(t) = 2*t**2 - 38*t + 4. Let k be g(19). Let f(o) be the first derivative of -1/2*o**2 + k + 7*o. Calculate f(6).
1
Let r(s) = -s**3 + s - 1. Let l be r(-2). Let a(k) = k**3 - 4*k**2 - 11*k - 5. Let d(i) = -3*i**3 + 11*i**2 + 40*i + 15. Let n(m) = 7*a(m) + 2*d(m). Give n(l).
-15
Let v(i) = -50*i + 1. Let q(n) = 81*n - 1. Let r(f) = 5*q(f) + 8*v(f). Let g(y) = y**3 + 2*y**2 + y. Let z be g(-2). Determine r(z).
-7
Let y(b) = -17*b**3 - b**2 - 9*b + 2. Let t(a) = 9*a**3 + 4*a - 1. Let l = -61 + 66. Let s(w) = l*t(w) + 2*y(w). Give s(1).
10
Let t be (-208)/(-20) - 1*(-14)/(-35). Let z(q) = q - 8. Calculate z(t).
2
Let r(a) = a**3 - 5*a**2 - 4*a - 6. Let p = -127 - -121. Let x be 4 - 4*3/p. Give r(x).
6
Let y = -46 + 22. Let h = y + 25. Let t(q) = 7*q**2 - 3*q**2 - q + 12*q**2. Give t(h).
15
Suppose -24 = -3*q - 5*p, -q = 2*p + 5 - 14. Let s(a) be the second derivative of 2*a - q*a**2 + 1/6*a**3 + 0. Calculate s(6).
0
Let u(y) = -5*y + 2. Let w(x) = 2*x. Let o(r) = -r**2 - 3*r + 8. Let g be o(-5). Let s(b) = g*u(b) - 6*w(b). Calculate s(-5).
6
Let f(y) be the second derivative of -y**4/12 + 3*y**3/2 + 21*y**2/2 - 366*y. What is f(11)?
-1
Let h be (-22)/(-5) + 6/10. Suppose -3*s - 2*o + h = -4*s, -3*s + 2*o = -1. Let i(m) = s*m + 6 - 7 - 7*m + m**2 + 0*m**2. Determine i(6).
11
Let j be 5*12*4/15. Let l(v) = -11*v**2 - j + 2*v - 11*v + 29 - v**3 - 9. Calculate l(-10).
-6
Let q(w) be the second derivative of -2*w**2 + 0 - 10*w - 1/12*w**4 + 7/6*w**3. Determine q(7).
-4
Suppose 4*p - 2*o + 28 = 0, p = 3*p - 2*o + 16. Let f(d) be the second derivative of -5/12*d**4 - 5/2*d**2 - 1/20*d**5 + 2/3*d**3 + 5*d + 0. Determine f(p).
7
Suppose 3*d + 0*d = -18. Let k(a) be the third derivative of 1/3*a**3 + 1/12*a**5 + 0*a + 1/120*a**6 - 2 - 5/24*a**4 + 32*a**2. Determine k(d).
-4
Let x(z) = z**3 - 17*z**2 - 2*z + 35. Let d be x(17). Let r(a) = -14*a**2 - a + 1. Determine r(d).
-14
Let c be 26/12 + (-8)/48. Let f(t) = 3 - 3*t**2 + 2*t + 2*t**c - 4 + 2*t**2. Suppose 0 = l, d = -3*d - 4*l - 16. Determine f(d).
7
Let u(a) = 10*a - 4. Suppose -5*k + 2*r = -15, 0 = -3*k - 2*r + 4*r + 9. Determine u(k).
26
Let u(g) = -5*g - 7 - g + 5*g + 0*g - 12. Calculate u(-7).
-12
Let p(m) be the first derivative of 1/2*m**2 + 5*m + 4. Determine p(-6).
-1
Let a(l) = l**2 - 1 - 5*l - 4*l + 9*l. Determine a(2).
3
Suppose -5*z - 12*z + 119 = 0. Let b(l) = -l**3 + 8*l**2 - 6*l + 5. Determine b(z).
12
Let x(i) be the second derivative of -i**5/20 - 7*i**4/12 - 5*i**3/6 - i**2/2 + 2*i + 16. Give x(-6).
-7
Let c(f) = -16*f - 252. Let q be c(-16). Let y(k) = 3*k - 4. Determine y(q).
8
Let c be ((-399)/171)/((-14)/30). Let f(m) = -m**3 + 3*m**2 + 6*m. Calculate f(c).
-20
Suppose 12*i - 106 = -82. Let l(c) be the third derivative of -c**6/60 + c**5/30 + c**4/24 + c**3/3 + 2*c**2. Calculate l(i).
-4
Let k(v) = -33*v - 4 + 23*v + 9*v. Calculate k(-8).
4
Let i be ((-3)/6)/((-3)/12*2). Let r(k) be the first derivative of -7*k**4/4 - k**3/3 + k + 2. Give r(i).
-7
Let s = 29 + -26. Let j(r) = r**3 + 2*r**2 + 2 + 2*r - 8*r**2 + 0*r**s - 3*r. What is j(6)?
-4
Let g be 2860/364 + (-2)/(-14). Let h(t) = -t + 8. What is h(g)?
0
Let z(f) = -2*f + 6. Let i be (-1)/(-3)*5*72/30. Suppose -i*p = -4*c - 12 - 8, p - 5 = 2*c. Give z(p).
-4
Let c(s) = -4*s + 31. Let f be c(10). Let l(d) = -6 - 8*d - 9*d + 7*d - d**2 + 0*d**2. Calculate l(f).
3
Let v(r) = -r**3 + 7*r**2 + r - 7. Let p(u) = 3*u**2 - 7*u + 9. Suppose 7*f = -3 + 17. Let i be p(f). Give v(i).
0
Let m(h) = -h + 6. Let l(t) = -4*t**3 - 16*t**2 - 15*t - 10. Let a be l(-3). Determine m(a).
7
Let p(d) be the first derivative of 41 + 1/2*d**2 - 7*d. Calculate p(6).
-1
Let i(g) = 2*g**3. Let d(t) = t**3 + 3*t - 3. Let j be d(1). Determine i(j).
2
Let j(m) = m**3 + 3*m**2 + m. Let v be j(-2). Let n be 8/2*(v + -1). Let z(o) be the second derivative of 2*o**3/3 - o**2/2 + 2*o. Determine z(n).
15
Let a(y) = y**3 - 3*y**2 - y + 2. Suppose 0 = -6*b + 21 - 9. Let x(w) = w**3 + 5*w**2 + 5*w. Let u be x(-4). Let k be 0 + (b - (u - -3)). Calculate a(k).
-1
Let o(n) be the third derivative of -n**4/12 + 35*n**3/6 - 40*n**2. Let x be o(18). Let d(q) = -5*q - 1. Determine d(x).
4
Let h(d) be the first derivative of d**4/4 + 2*d**3 + d**2/2 + 7*d + 25. Determine h(-6).
1
Let q(x) = -805*x**2 + 1611*x**2 - 807*x**2 + 4*x. What is q(4)?
0
Let k(c) = 7 - 9*c**2 + 8*c**2 - 144*c + 148*c. Determine k(5).
2
Suppose 0*o - 15 = -o. Let h = -17 + o. Let g(i) = i**2 + i + 1. What is g(h)?
3
Let q be ((-27)/(-6))/((-45)/60). Let f(a) = -a - 7. Give f(q).
-1
Let n(t) = t + 3. Suppose 27*h = 31*h + 2*j + 16, j = 5*h + 27. What is n(h)?
-2
Let p(v) be the third derivative of v**6/120 - v**5/30 - v**4/8 - v**3/6 - 99*v**2. Calculate p(-2).
-11
Let u(d) = d**3 - 8*d**2 - d - 1. Let m(l) = -l**3 + 7*l**2 + 2*l. Let b(y) = 4*m(y) + 3*u(y). Determine b(5).
-3
Let c(t) be the third derivative of -7*t**5/120 + t**4/24 - 2*t**3/3 + 11*t**2. Let h(i) be the first derivative of c(i). Calculate h(-2).
15
Let w(a) = 2*a + 12. Let s = 1534 + -1540. What is w(s)?
0
Let n(k) = 5*k - 6. Let h(p) = -2*p + 1. Let i(v) = 3*h(v) + n(v). Let q = 4 + -1. Suppose t - q*t - 6 = 0. What is i(t)?
0
Let j be (-17 + -3)/(-1)*1. Let w = 15 - j. Let b(k) = k**2 + 6*k - 1. What is b(w)?
-6
Suppose -2*o - 4*p + 36 = 3*o, 0 = -4*o + 2*p + 8. Let m(b) = 12*b + 4 - o*b**2 + 3*b**2 - 9*b. Calculate m(3).
4
Let r(f) = 4*f - 3. Let k(z) = 3*z - 2. Let v(n) = 6*k(n) - 5*r(n). Suppose 18 = 5*d + d. What is v(d)?
-3
Suppose -9 + 9 = 20*g. Let n(x) = x + 3. What is n(g)?
3
Let c(t) be the first derivative of t**3/3 - 11*t**2/2 + 18*t - 353. Give c(9).
0
Let s be 1 - 2/(2/(-3)). Suppose 0*z - z = -s. Let d(m) = 1 + 3 - 12238*m + 2 + 12236*m. Determine d(z).
-2
Let r(c) be the first derivative of -c**3/3 - 5*c**2/2 - 872. Let l be 2*3/(3/(-1)). Let v be 16/(-3) + l/3. What is r(v)?
-6
Let u(y) = y**3 + 3*y**2 - 2*y + 1. Suppose -h - 2*t = -17, 4*h = -4*t + 41 + 23. Suppose -4*p = p + h. What is u(p)?
7
Let v(z) = 2*z**2 - z. Suppose 0 = -g - 4, 4*i - 2 = 3*g + 6. Give v(i).
3
Let n(u) = u**2 - 7*u + 7. Suppose -21*b + 16*b - 520 = 0. Let v = 112 + b. Calculate n(v).
15
Let a(s) = s - 1. Let y be a(1). Let v(r) = y + 2 + 0 - r. Let z = -27 - -22. Calculate v(z).
7
Let u(b) = -b. Suppose j - 3*w + 8 = 0, 5*j = 5*w - 0*w - 40. Calculate u(j).
8
Let r(g) = 11 - g**2 - 3*g - 22 + 5. Calculate r(-5).
-16
Let l(i) = -i - 1. Let t(u) = u - 2*u - 2*u - 15. Let m(v) = -2*l(v) + t(v). Determine m(-8).
-5
Let u = 269 - 263